{"id":2055,"date":"2026-02-14T15:06:12","date_gmt":"2026-02-14T14:06:12","guid":{"rendered":"https:\/\/rochoy.fr\/outreau2026\/?page_id=2055"},"modified":"2026-02-16T11:13:19","modified_gmt":"2026-02-16T10:13:19","slug":"programme","status":"publish","type":"page","link":"https:\/\/rochoy.fr\/outreau2026\/programme\/","title":{"rendered":"Programme complet !"},"content":{"rendered":"\n<p>Voici le programme de ma non-liste : <\/p>\n\n\n\n<p><strong><mark>1 &#8211; am\u00e9liorer avant l\u2019\u00e9t\u00e9 2027 la qualit\u00e9 de l\u2019air dans les \u00e9coles <\/mark><\/strong>(puis les autres b\u00e2timents publics) :<\/p>\n\n\n\n<ul class=\"wp-block-list\">\n<li><strong>Pourquoi ? <\/strong>\n<ul class=\"wp-block-list\">\n<li>C&rsquo;est une <strong>obligation l\u00e9gale<\/strong> ; on n\u2019accepterait pas que les enfants ou les enseignants soient malades apr\u00e8s avoir consomm\u00e9 de l\u2019eau \u00e0 l\u2019\u00e9cole, de qualit\u00e9 non contr\u00f4l\u00e9e&#8230; pourquoi l\u2019accepter avec l\u2019air ?<\/li>\n\n\n\n<li>Ca <strong>r\u00e9duit les infections respiratoires dans toute la soci\u00e9t\u00e9<\/strong>, les allerg\u00e8nes, l&rsquo;asthme (et concr\u00e8tement \u00e7a sauve des vies) ; <\/li>\n\n\n\n<li>Ca <strong>am\u00e9liore les performances scolaires<\/strong> ; <\/li>\n\n\n\n<li>Ca <strong>am\u00e9liore l&rsquo;acc\u00e8s aux soins<\/strong> ;<\/li>\n\n\n\n<li>Ca <strong>ferait d&rsquo;Outreau une ville exemplaire et motrice sur ce sujet capital<\/strong>&#8230; <\/li>\n\n\n\n<li>Vous pouvez retrouver tout \u00e7a <a href=\"https:\/\/rochoy.fr\/outreau2026\/wp-content\/uploads\/QAI_ecole.mp4\">dans cette vid\u00e9o<\/a> (en fin de post)<\/li>\n<\/ul>\n<\/li>\n\n\n\n<li><strong>Comment ? <\/strong>\n<ul class=\"wp-block-list\">\n<li><strong>Diagnostiquer<\/strong> : suivre la qualit\u00e9 de renouvellement de l\u2019air au quotidien par <strong>capteurs CO2 connect\u00e9s <\/strong>dans chaque classe ou cr\u00e8che (enregistrement en direct, connect\u00e9s sur WiFi) : <strong>illustration dans mon cabinet sur le site <a href=\"https:\/\/rochoy.fr\/co2\/\">rochoy.fr\/co2<\/a><\/strong> qui fait exactement ce que j&rsquo;imagine dans chaque classe.<\/li>\n\n\n\n<li><strong>Traiter <\/strong>: VMC ou <strong>centrale de traitement d\u2019air (CTA) double flux <\/strong>(renouvellement de 50 m3\/heure\/occupant, pour respecter la norme NF EN 16798-1)<\/li>\n\n\n\n<li><strong>Surveiller <\/strong>: rendre les <strong>donn\u00e9es de capteurs CO2 publiques et ouvertes<\/strong>, pour \u00e9clairer les d\u00e9cisions et faciliter la recherche<\/li>\n<\/ul>\n<\/li>\n\n\n\n<li><strong>Combien ? <\/strong>Le co\u00fbt de 100 capteurs est d&rsquo;environ 20 000\u20ac ; le co\u00fbt pour une VMC dans 100 salles de vie est inf\u00e9rieur \u00e0 1M\u20ac. Les d\u00e9penses d&rsquo;investissement sont de 2-3M\u20ac par an \u00e0 Outreau (3-4M\u20ac au Portel).<\/li>\n<\/ul>\n\n\n\n<p><mark><strong>2 &#8211; faire d\u2019Outreau une ville riche en donn\u00e9es ouvertes, pour prendre des d\u00e9cisions transparentes, fond\u00e9es sur les faits, faciles d\u2019acc\u00e8s par toute la population<\/strong> <\/mark>(d\u00e9penses, recettes, accidents, investissements par quartiers, renouvellement de l\u2019air dans les \u00e9coles, etc.).<\/p>\n\n\n\n<ul class=\"wp-block-list\">\n<li><strong>Pourquoi ?<\/strong> \n<ul class=\"wp-block-list\">\n<li>Pour pouvoir <strong>prendre les meilleures d\u00e9cisions, bas\u00e9es sur les faits<\/strong>, en les priorisant selon des besoins \u00e9tablis ; prendre des d\u00e9cisions sans ces donn\u00e9es (publiques) revient \u00e0 jouer au loto&#8230; <\/li>\n\n\n\n<li>Permettre \u00e0 <strong>chacun d\u2019appr\u00e9cier les d\u00e9cisions prises<\/strong> tout au long du mandat ; <\/li>\n\n\n\n<li>Permettre \u00e0 <strong>chaque quartier d\u2019appr\u00e9cier la r\u00e9partition des d\u00e9penses d\u2019am\u00e9nagement urbain,<\/strong> et \u00e9viter la sensation d\u2019\u00eatre \u00ab&nbsp;oubli\u00e9&nbsp;\u00bb ;<\/li>\n\n\n\n<li>Permettre \u00e0 chacun de <strong>commenter et proposer des id\u00e9es, <\/strong>et permettre de<strong> voter r\u00e9guli\u00e8rement par des outils adapt\u00e9s <\/strong>de d\u00e9mocratie participative ; <\/li>\n\n\n\n<li><strong>Faire d\u2019Outreau une ville exemplaire et motrice <\/strong>sur cette transparence et ce pilotage \u00ab&nbsp;scientifique&nbsp;\u00bb.<\/li>\n\n\n\n<li>Outreau a environ 200 rues. Chacun a des id\u00e9es sur l\u2019am\u00e9nagement : avoir plus d\u2019animation (ou un quartier plus calme), mettre un feu (ou supprimer des dos d\u2019\u00e2ne), etc. Aujourd\u2019hui, il est difficile de choisir et prioriser, car les donn\u00e9es ne sont pas facilement accessibles.<\/li>\n<\/ul>\n<\/li>\n\n\n\n<li><strong>Comment ? <\/strong>\n<ul class=\"wp-block-list\">\n<li>Collecter des donn\u00e9es sur les recettes, les d\u00e9penses, l&rsquo;acc\u00e8s aux soins, la qualit\u00e9 de l&rsquo;air (CO2 \u00e9voqu\u00e9 plus haut dans les lieux publics), la qualit\u00e9 de l&rsquo;eau, les feux rouges, les menus scolaires, les vols, les accidents&#8230; <\/li>\n\n\n\n<li>Mettre ces donn\u00e9es en libre acc\u00e8s, pour que chacun puisse les consulter, les discuter, etc.<\/li>\n\n\n\n<li>Par exemple, avant de cr\u00e9er de nouvelles opportunit\u00e9s pour le march\u00e9, il convient de sonder le maximum de la population sur ses besoins en 2026, compte tenu de l&rsquo;existence de march\u00e9s voisins, de commerces, d&rsquo;e-commerce, de grandes surfaces, de Drive, etc.<\/li>\n<\/ul>\n<\/li>\n\n\n\n<li><strong>Combien ? <\/strong>Formation ou embauche d\u2019un agent pour l\u2019analyse de donn\u00e9es (ou freelance). Budget faible (&lt; 100 000\u20ac).<\/li>\n<\/ul>\n\n\n\n<p>&#8211;&gt; illustration : <a href=\"https:\/\/rochoy.fr\/outreau2026\/outreau-en-open-data\/\" data-type=\"page\" data-id=\"2076\">cette page sur les finances dans le Boulonnais<\/a><\/p>\n\n\n\n<p><mark><strong>3 &#8211; faire valider r\u00e9guli\u00e8rement les choix et priorit\u00e9s par des consultations citoyennes publiques, avec les outils actuels<\/strong> <\/mark>(sans oublier ceux qui peinent avec le num\u00e9rique bien s\u00fbr, en utilisant le magazine mensuel).<\/p>\n\n\n\n<p>Il existe des outils professionnels qui peuvent mis en place, pour qu&rsquo;<strong>en fin de mandat, aucun quartier ne puisse s&rsquo;\u00eatre senti d\u00e9laiss\u00e9 et que tout le monde ait pu se sentir \u00e9cout\u00e9,<\/strong> et avoir obtenu des r\u00e9ponses publiques aux questions ou dol\u00e9ances&#8230;<\/p>\n\n\n\n<p>Dans le m\u00eame \u00e9tat d&rsquo;esprit, tous les 2 ans, le maire peut d\u00e9missionner et remettre sa place en jeu au sein du conseil municipal.<\/p>\n\n\n\n<p>&#8211;&gt; <mark>illustration : ce site<\/mark> est comme un premier jet o\u00f9 chacun peut s&rsquo;exprimer en transparence&#8230; chaque remarque reste attribu\u00e9e, elle m\u00e9rite d&rsquo;\u00eatre trait\u00e9e, comment\u00e9e, valid\u00e9e. <\/p>\n\n\n\n<p><mark><strong>4 &#8211; avoir un poste \u00ab dol\u00e9ances envers les bailleurs sociaux \u00bb<\/strong><\/mark><\/p>\n\n\n\n<p>La mairie a du pouvoir sur les bailleurs sociaux en leur c\u00e9dant des terrains ; les bailleurs imposent leurs choix aux locataires, tra\u00eenent pour des travaux (immeubles aux plaques volantes, de r\u00e9sidences \u00e0 l&rsquo;isolation insuffisance, etc.) ; or, les locataires sont les Outrelois et donc sont la mairie\u2026 il faut pouvoir corriger cette asym\u00e9trie, et <strong>ne rien n\u00e9gocier de nouveau avec les bailleurs sociaux tant que les probl\u00e8mes ne sont pas r\u00e9solus avec l&rsquo;existant.<\/strong><\/p>\n\n\n\n<p>&#8211;&gt; illustration : pas possible \u00e0 mon niveau&#8230; mais j&rsquo;ai d\u00e9j\u00e0 illustr\u00e9 \u00e0 plusieurs reprises qu&rsquo;on pouvait d\u00e9fendre les int\u00e9r\u00eats des locataires, parfois en s&rsquo;opposant aux demandes des bailleurs sociaux (via certificats-absurdes.fr ou ici par exemple).<\/p>\n\n\n\n<figure class=\"wp-block-embed is-type-rich is-provider-prise-en-charge-des-contenus-embarqu-s wp-block-embed-prise-en-charge-des-contenus-embarqu-s\"><div class=\"wp-block-embed__wrapper\">\n<div class=\"fb-post\" data-href=\"https:\/\/www.facebook.com\/mimiryudo\/posts\/pfbid02ZeKy5ETauTPdxwVruTnjHpUuEqQdyJ5qE7g25KxCyZbvXLFpNMVdygdFqVyeNY1Yl\" data-width=\"552\" style=\"background-color: #fff; display: inline-block;\"><\/div>\n<\/div><\/figure>\n\n\n\n<p><mark><strong>5 &#8211; une tyrolienne g\u00e9ante dans la ville<\/strong> <\/mark>(bien s\u00fbr).<\/p>\n\n\n\n<figure class=\"wp-block-image aligncenter size-large is-resized\"><img loading=\"lazy\" decoding=\"async\" width=\"910\" height=\"1024\" src=\"https:\/\/rochoy.fr\/outreau2026\/wp-content\/uploads\/2026\/02\/Capture-decran-2026-02-14-a-15.48.02-910x1024.png\" alt=\"capture d\u2019e\u0301cran 2026 02 14 a\u0300 15.48.02\" class=\"wp-image-2066\" style=\"aspect-ratio:0.8886783922843426;width:344px;height:auto\" title=\"Programme complet !\" srcset=\"https:\/\/rochoy.fr\/outreau2026\/wp-content\/uploads\/2026\/02\/Capture-decran-2026-02-14-a-15.48.02-910x1024.png 910w, https:\/\/rochoy.fr\/outreau2026\/wp-content\/uploads\/2026\/02\/Capture-decran-2026-02-14-a-15.48.02-267x300.png 267w, https:\/\/rochoy.fr\/outreau2026\/wp-content\/uploads\/2026\/02\/Capture-decran-2026-02-14-a-15.48.02-768x864.png 768w, https:\/\/rochoy.fr\/outreau2026\/wp-content\/uploads\/2026\/02\/Capture-decran-2026-02-14-a-15.48.02.png 940w\" sizes=\"auto, (max-width: 910px) 100vw, 910px\" \/><\/figure>\n\n\n\n<p><strong>Et c\u2019est tout.<\/strong><\/p>\n\n\n\n<p>En 2026, <strong>il me semble d\u00e9suet de proposer des programmes trop d\u00e9taill\u00e9s<\/strong> : l&rsquo;\u00e9lecteur doit alors choisir entre le candidat A avec ses 30 id\u00e9es, et le candidat B avec ses 30 id\u00e9es (dont certaines se recoupent). <br><strong><mark>Personne n&rsquo;a envie de \u00ab\u00a0tout accepter\u00a0\u00bb et signer un ch\u00e8que en blanc pour 6-7 ans !<\/mark><\/strong> Le seul point \u00ab impos\u00e9 \u00bb dans mon programme serait la mise en conformit\u00e9 l\u00e9gale des b\u00e2timents pour la sant\u00e9 globale de la population, l\u2019acc\u00e8s aux soins et l\u2019attractivit\u00e9 de la commune\u2026<\/p>\n\n\n\n<p>A mon sens, un programme aujourd&rsquo;hui doit surtout pr\u00e9senter la m\u00e9thode de gouvernance : <mark><strong>le programme que je pr\u00f4ne serait tout en transparence et en d\u00e9marche scientifique, ancr\u00e9 notre \u00e9poque hyper connect\u00e9e<\/strong>.<\/mark><\/p>\n\n\n\n<p>Par ailleurs, il tient comme ici en une feuille A4. Ecologique, non ? \ud83d\ude09<\/p>\n\n\n\n<figure class=\"wp-block-video\"><video controls src=\"https:\/\/rochoy.fr\/outreau2026\/wp-content\/uploads\/QAI_ecole.mp4\"><\/video><\/figure>\n","protected":false},"excerpt":{"rendered":"<p>Voici le programme de ma non-liste : 1 &#8211; am\u00e9liorer avant l\u2019\u00e9t\u00e9 2027 la qualit\u00e9 de l\u2019air dans les \u00e9coles (puis les autres b\u00e2timents publics) : 2 &#8211; faire d\u2019Outreau une ville riche en donn\u00e9es ouvertes, pour prendre des d\u00e9cisions transparentes, fond\u00e9es sur les faits, faciles d\u2019acc\u00e8s par toute la population (d\u00e9penses, recettes, accidents, investissements [&hellip;]<\/p>\n","protected":false},"author":1,"featured_media":0,"parent":0,"menu_order":0,"comment_status":"closed","ping_status":"closed","template":"","meta":{"_acf_changed":false,"footnotes":""},"class_list":["post-2055","page","type-page","status-publish","hentry"],"acf":[],"jetpack_sharing_enabled":true,"_links":{"self":[{"href":"https:\/\/rochoy.fr\/outreau2026\/wp-json\/wp\/v2\/pages\/2055","targetHints":{"allow":["GET"]}}],"collection":[{"href":"https:\/\/rochoy.fr\/outreau2026\/wp-json\/wp\/v2\/pages"}],"about":[{"href":"https:\/\/rochoy.fr\/outreau2026\/wp-json\/wp\/v2\/types\/page"}],"author":[{"embeddable":true,"href":"https:\/\/rochoy.fr\/outreau2026\/wp-json\/wp\/v2\/users\/1"}],"replies":[{"embeddable":true,"href":"https:\/\/rochoy.fr\/outreau2026\/wp-json\/wp\/v2\/comments?post=2055"}],"version-history":[{"count":14,"href":"https:\/\/rochoy.fr\/outreau2026\/wp-json\/wp\/v2\/pages\/2055\/revisions"}],"predecessor-version":[{"id":2080,"href":"https:\/\/rochoy.fr\/outreau2026\/wp-json\/wp\/v2\/pages\/2055\/revisions\/2080"}],"wp:attachment":[{"href":"https:\/\/rochoy.fr\/outreau2026\/wp-json\/wp\/v2\/media?parent=2055"}],"curies":[{"name":"wp","href":"https:\/\/api.w.org\/{rel}","templated":true}]}}