{"id":672,"date":"2025-08-02T14:25:59","date_gmt":"2025-08-02T12:25:59","guid":{"rendered":"https:\/\/rochoy.fr\/outreau\/?page_id=672"},"modified":"2025-12-12T10:01:13","modified_gmt":"2025-12-12T09:01:13","slug":"accueil","status":"publish","type":"page","link":"https:\/\/rochoy.fr\/outreau\/","title":{"rendered":"Accueil"},"content":{"rendered":"\n<p>Bienvenue sur ce site d\u00e9di\u00e9 \u00e0 l&rsquo;histoire des rues d&rsquo;Outreau.<\/p>\n\n\n\n<p>Vous trouverez une page par rue, avec une <a href=\"https:\/\/rochoy.fr\/outreau\/methodologie-et-sources\/\" data-type=\"page\" data-id=\"323\">m\u00e9thodologie d\u00e9crite ici<\/a>.<\/p>\n\n\n<div class=\"leaflet-map WPLeafletMap\" style=\"height:250px; width:100%;\"><\/div><script>\nwindow.WPLeafletMapPlugin = window.WPLeafletMapPlugin || [];\nwindow.WPLeafletMapPlugin.push(function WPLeafletMapShortcode() {\/*<script>*\/\nvar baseUrl = atob('aHR0cHM6Ly90aWxlLm9wZW5zdHJlZXRtYXAub3JnL3t6fS97eH0ve3l9LnBuZw==');\nvar base = (!baseUrl && window.MQ) ?\n    window.MQ.mapLayer() : L.tileLayer(baseUrl,\n        L.Util.extend({}, {\n            detectRetina: 0,\n        },\n        {\"subdomains\":\"abc\",\"noWrap\":false,\"maxZoom\":19}        )\n    );\n    var options = L.Util.extend({}, {\n        layers: [base],\n        attributionControl: false\n    },\n    {\"zoomControl\":true,\"scrollWheelZoom\":false,\"doubleClickZoom\":false,\"fitBounds\":false,\"minZoom\":0,\"maxZoom\":19,\"maxBounds\":null,\"attribution\":\"<a href=\\\"http:\\\/\\\/leafletjs.com\\\" title=\\\"Une biblioth\\u00e8que JS pour des cartes interactives\\\">Leaflet<\\\/a>; \\u00a9 <a href=\\\"http:\\\/\\\/www.openstreetmap.org\\\/copyright\\\">OpenStreetMap<\\\/a> contributeurs\\\/contributrices\"},\n    {});\nwindow.WPLeafletMapPlugin.createMap(options).setView([50.704285741419,1.5834903717041],14);});<\/script>\n\n\n\n<p>Ce travail peut comporter des erreurs ou des oublis, qui ont plusieurs raisons :<\/p>\n\n\n\n<ul class=\"wp-block-list\">\n<li>ma <strong>formation et ma profession<\/strong> : m\u00eame si la d\u00e9marche reste scientifique dans tous les cas (retourner aux sources, croiser les sources, etc.), je ne suis pas historien ;<\/li>\n\n\n\n<li>mon <strong>recours fr\u00e9quent \u00e0 des sources secondaires<\/strong> (articles de presse, sites internet, livres, etc.) ; cela est li\u00e9 au fait qu&rsquo;il y a peu de sources primaires (t\u00e9moignages directs ou autobiographies d&rsquo;Outrelois au fil des ans) ;<\/li>\n\n\n\n<li>mon <strong>classement subjectif des sous-quartiers et leur d\u00e9nomination personnelle <\/strong>(ex. Batailles c\u00e9l\u00e8bres dans le quartier Tour du Renard, Compositeurs dans le quartier ZAC, etc.) : ils n&rsquo;ont pas de r\u00e9elle existence mais sont bien pratiques pour se rep\u00e9rer sur ce site ;<\/li>\n\n\n\n<li>et bien s\u00fbr <strong>la r\u00e9daction en cours<\/strong> : ce site a \u00e9t\u00e9 lanc\u00e9 le 11 juillet 2025, avec une premi\u00e8re phase de cr\u00e9ation des plus de 200 pages avec un mod\u00e8le similaire pour tous, et un premier pr\u00e9-classement par quartier et par \u00ab\u00a0type de nom\u00a0\u00bb (jusqu&rsquo;au 14 juillet). Cette premi\u00e8re version sera affin\u00e9e au fil du temps, des v\u00e9rifications sur le site Geoportail, et de l&rsquo;\u00e9laboration des biographies.<\/li>\n<\/ul>\n\n\n\n<p><strong>Si vous voyez une erreur, n&rsquo;h\u00e9sitez pas \u00e0 me contacter dans les commentaires ou sur la page de contact. <\/strong>Je corrigerai avec grand plaisir !<\/p>\n\n\n\n<p>A l&rsquo;heure de la r\u00e9daction, il y a 225 odonymes r\u00e9pertori\u00e9s (boulevards, rues, r\u00e9sidences, all\u00e9es, squares, impasses, places&#8230;) \u00e0 Outreau. <\/p>\n\n\n\n<p>Bonne lecture, et bonne promenade dans notre ville !<\/p>\n\n\n\n<h2 class=\"wp-block-heading\">Remerciements <\/h2>\n\n\n\n<p>Merci \u00e0 <strong>Pascal Bernard <\/strong>pour les \u00e9changes sur l&rsquo;histoire d&rsquo;Outreau, ses sites, la page Facebook sur \u00ab\u00a0Outreau d&rsquo;antan\u00a0\u00bb qu&rsquo;il anime avec brio. <\/p>\n\n\n\n<p>Merci \u00e0 <strong>Bernard Bocquet <\/strong>et \u00e0 tous les auteurs de l&rsquo;Atelier de M\u00e9moire Populaire et d&rsquo;histoire locale du Centre Jacques Brel pour les (bient\u00f4t) 30 bulletins publi\u00e9s, riches en information, et pour m&rsquo;avoir fourni en d\u00e9cembre 2025 un pr\u00e9cieux document sur les dates d&rsquo;inauguration de nombreuses rues. <\/p>\n","protected":false},"excerpt":{"rendered":"<p>Bienvenue sur ce site d\u00e9di\u00e9 \u00e0 l&rsquo;histoire des rues d&rsquo;Outreau. Vous trouverez une page par rue, avec une m\u00e9thodologie d\u00e9crite ici. Ce travail peut comporter des erreurs ou des oublis, qui ont plusieurs raisons : Si vous voyez une erreur, n&rsquo;h\u00e9sitez pas \u00e0 me contacter dans les commentaires ou sur la page de contact. Je &hellip; <a href=\"https:\/\/rochoy.fr\/outreau\/\" class=\"more-link\">Continuer la lecture<span class=\"screen-reader-text\"> de &laquo;&nbsp;Accueil&nbsp;&raquo;<\/span><\/a><\/p>\n","protected":false},"author":1,"featured_media":0,"parent":0,"menu_order":0,"comment_status":"closed","ping_status":"closed","template":"","meta":{"footnotes":""},"class_list":["post-672","page","type-page","status-publish","hentry"],"jetpack_sharing_enabled":true,"_links":{"self":[{"href":"https:\/\/rochoy.fr\/outreau\/wp-json\/wp\/v2\/pages\/672","targetHints":{"allow":["GET"]}}],"collection":[{"href":"https:\/\/rochoy.fr\/outreau\/wp-json\/wp\/v2\/pages"}],"about":[{"href":"https:\/\/rochoy.fr\/outreau\/wp-json\/wp\/v2\/types\/page"}],"author":[{"embeddable":true,"href":"https:\/\/rochoy.fr\/outreau\/wp-json\/wp\/v2\/users\/1"}],"replies":[{"embeddable":true,"href":"https:\/\/rochoy.fr\/outreau\/wp-json\/wp\/v2\/comments?post=672"}],"version-history":[{"count":5,"href":"https:\/\/rochoy.fr\/outreau\/wp-json\/wp\/v2\/pages\/672\/revisions"}],"predecessor-version":[{"id":766,"href":"https:\/\/rochoy.fr\/outreau\/wp-json\/wp\/v2\/pages\/672\/revisions\/766"}],"wp:attachment":[{"href":"https:\/\/rochoy.fr\/outreau\/wp-json\/wp\/v2\/media?parent=672"}],"curies":[{"name":"wp","href":"https:\/\/api.w.org\/{rel}","templated":true}]}}