{"id":277,"date":"2020-08-08T16:28:52","date_gmt":"2020-08-08T14:28:52","guid":{"rendered":"http:\/\/rochoy.fr\/michael\/?page_id=277"},"modified":"2025-10-20T12:01:26","modified_gmt":"2025-10-20T10:01:26","slug":"horaires","status":"publish","type":"page","link":"https:\/\/rochoy.fr\/michael\/horaires\/","title":{"rendered":"Horaires"},"content":{"rendered":"\n<p><strong>Les horaires ci-dessous sont donn\u00e9s \u00e0 titre indicatif. <\/strong><\/p>\n\n\n\n<p><strong>Toute consultation men\u00e9e par un interne seul est rediscut\u00e9e le soir m\u00eame avec le Dr Micha\u00ebl Rochoy<\/strong>.<\/p>\n\n\n\n<p><strong>Lundi :<\/strong><\/p>\n\n\n\n<ul class=\"wp-block-list\">\n<li>8h45 \u2013 13h30 : Visites \u00e0 domicile programm\u00e9es (personnes \u00e2g\u00e9es, EHPAD\u2026)<\/li>\n\n\n\n<li><em>9h-13h : Consultations par un interne en 9\u00e8me ann\u00e9e (si stage pourvu)<\/em><\/li>\n\n\n\n<li>15h \u2013 18h : Consultations \/ t\u00e9l\u00e9consultations<\/li>\n<\/ul>\n\n\n\n<p><strong>Mardi :&nbsp;<\/strong><\/p>\n\n\n\n<ul class=\"wp-block-list\">\n<li>9h \u2013 12h30 : Consultations \/ t\u00e9l\u00e9consultations<\/li>\n\n\n\n<li><em>13h &#8211; 15h : Consultations par un interne en 7\u00e8me ann\u00e9e (si possible)<\/em><\/li>\n\n\n\n<li>15h \u2013 18h : Consultations \/ t\u00e9l\u00e9consultations<\/li>\n<\/ul>\n\n\n\n<p><strong>Jeudi :&nbsp;<\/strong><\/p>\n\n\n\n<ul class=\"wp-block-list\">\n<li>8h45 \u2013 13h30 : Visites \u00e0 domicile programm\u00e9es<\/li>\n\n\n\n<li><em>9h &#8211; 12h : Consultations par un interne en 9\u00e8me ann\u00e9e (si stage pourvu)<\/em><\/li>\n\n\n\n<li>14h30 \u2013 18h : Consultations \/ t\u00e9l\u00e9consultations<\/li>\n<\/ul>\n\n\n\n<p><strong>Vendredi :&nbsp;<\/strong><\/p>\n\n\n\n<ul class=\"wp-block-list\">\n<li>9h \u2013 12h30 : Consultations \/ t\u00e9l\u00e9consultations<\/li>\n\n\n\n<li><em>13h30 &#8211; 15h : Consultations par un interne en 7\u00e8me ann\u00e9e (si possible)<\/em><\/li>\n\n\n\n<li>15h \u2013 18h : Consultations \/ t\u00e9l\u00e9consultations<\/li>\n<\/ul>\n\n\n\n<p><strong>Le cabinet est ferm\u00e9 les mercredis et samedis.<\/strong><\/p>\n\n\n\n<p>L&rsquo;heure de fin est plafonn\u00e9e \u00e0 18h-18h30 afin de tenir compte des retards possibles, et du temps de supervision (d\u00e9briefing) avec l&rsquo;interne en stage. En absence d&rsquo;interne, le d\u00e9lai est classiquement \u00e9tendu jusqu&rsquo;\u00e0 19h.<\/p>\n\n\n\n<p>En moyenne, en 2025, il est estim\u00e9 un temps de consultations\/visites de 33 heures par semaine (hors interne), associ\u00e9 \u00e0 15 heures de gestion annexe (secr\u00e9tariat, r\u00e9ponses aux patients, participation \u00e0 des \u00e9tudes, directions de th\u00e8se, enseignement, comptabilit\u00e9, etc.)<\/p>\n","protected":false},"excerpt":{"rendered":"<p>Les horaires ci-dessous sont donn\u00e9s \u00e0 titre indicatif. Toute consultation men\u00e9e par un interne seul est rediscut\u00e9e le soir m\u00eame avec le Dr Micha\u00ebl Rochoy. Lundi : Mardi :&nbsp; Jeudi :&nbsp; Vendredi :&nbsp; Le cabinet est ferm\u00e9 les mercredis et samedis. L&rsquo;heure de fin est plafonn\u00e9e \u00e0 18h-18h30 afin de tenir compte des retards possibles, &hellip; <a href=\"https:\/\/rochoy.fr\/michael\/horaires\/\" class=\"more-link\">Continuer la lecture<span class=\"screen-reader-text\"> de &laquo;&nbsp;Horaires&nbsp;&raquo;<\/span><\/a><\/p>\n","protected":false},"author":1,"featured_media":0,"parent":0,"menu_order":0,"comment_status":"closed","ping_status":"closed","template":"","meta":{"footnotes":""},"class_list":["post-277","page","type-page","status-publish","hentry"],"jetpack_sharing_enabled":true,"_links":{"self":[{"href":"https:\/\/rochoy.fr\/michael\/wp-json\/wp\/v2\/pages\/277","targetHints":{"allow":["GET"]}}],"collection":[{"href":"https:\/\/rochoy.fr\/michael\/wp-json\/wp\/v2\/pages"}],"about":[{"href":"https:\/\/rochoy.fr\/michael\/wp-json\/wp\/v2\/types\/page"}],"author":[{"embeddable":true,"href":"https:\/\/rochoy.fr\/michael\/wp-json\/wp\/v2\/users\/1"}],"replies":[{"embeddable":true,"href":"https:\/\/rochoy.fr\/michael\/wp-json\/wp\/v2\/comments?post=277"}],"version-history":[{"count":6,"href":"https:\/\/rochoy.fr\/michael\/wp-json\/wp\/v2\/pages\/277\/revisions"}],"predecessor-version":[{"id":2876,"href":"https:\/\/rochoy.fr\/michael\/wp-json\/wp\/v2\/pages\/277\/revisions\/2876"}],"wp:attachment":[{"href":"https:\/\/rochoy.fr\/michael\/wp-json\/wp\/v2\/media?parent=277"}],"curies":[{"name":"wp","href":"https:\/\/api.w.org\/{rel}","templated":true}]}}

<p><strong>Les horaires ci-dessous sont donnés à titre indicatif. </strong></p>



<p><strong>Toute consultation menée par un interne seul est rediscutée le soir même avec le Dr Michaël Rochoy</strong>.</p>



<p><strong>Lundi :</strong></p>



<ul class="wp-block-list">
<li>8h45 – 13h30 : Visites à domicile programmées (personnes âgées, EHPAD…)</li>



<li><em>9h-13h : Consultations par un interne en 9ème année (si stage pourvu)</em></li>



<li>15h – 18h : Consultations / téléconsultations</li>
</ul>



<p><strong>Mardi :&nbsp;</strong></p>



<ul class="wp-block-list">
<li>9h – 12h30 : Consultations / téléconsultations</li>



<li><em>13h &#8211; 15h : Consultations par un interne en 7ème année (si possible)</em></li>



<li>15h – 18h : Consultations / téléconsultations</li>
</ul>



<p><strong>Jeudi :&nbsp;</strong></p>



<ul class="wp-block-list">
<li>8h45 – 13h30 : Visites à domicile programmées</li>



<li><em>9h &#8211; 12h : Consultations par un interne en 9ème année (si stage pourvu)</em></li>



<li>14h30 – 18h : Consultations / téléconsultations</li>
</ul>



<p><strong>Vendredi :&nbsp;</strong></p>



<ul class="wp-block-list">
<li>9h – 12h30 : Consultations / téléconsultations</li>



<li><em>13h30 &#8211; 15h : Consultations par un interne en 7ème année (si possible)</em></li>



<li>15h – 18h : Consultations / téléconsultations</li>
</ul>



<p><strong>Le cabinet est fermé les mercredis et samedis.</strong></p>



<p>L&rsquo;heure de fin est plafonnée à 18h-18h30 afin de tenir compte des retards possibles, et du temps de supervision (débriefing) avec l&rsquo;interne en stage. En absence d&rsquo;interne, le délai est classiquement étendu jusqu&rsquo;à 19h.</p>



<p>En moyenne, en 2025, il est estimé un temps de consultations/visites de 33 heures par semaine (hors interne), associé à 15 heures de gestion annexe (secrétariat, réponses aux patients, participation à des études, directions de thèse, enseignement, comptabilité, etc.)</p>

<p>Les horaires ci-dessous sont donnés à titre indicatif. Toute consultation menée par un interne seul est rediscutée le soir même avec le Dr Michaël Rochoy. Lundi : Mardi :&nbsp; Jeudi :&nbsp; Vendredi :&nbsp; Le cabinet est fermé les mercredis et samedis. L&rsquo;heure de fin est plafonnée à 18h-18h30 afin de tenir compte des retards possibles, &hellip; <a href="https://rochoy.fr/michael/horaires/" class="more-link">Continuer la lecture<span class="screen-reader-text"> de &laquo;&nbsp;Horaires&nbsp;&raquo;</span></a></p>
